[INFO] fetching crate elikar 0.1.9...
[INFO] checking elikar-0.1.9 against master#e6e4f7ed1589e03bc2f6c5931c1a72e7947e8682 for beta-170-4
[INFO] extracting crate elikar 0.1.9 into /workspace/builds/worker-5-tc2/source
[INFO] validating manifest of crates.io crate elikar 0.1.9 on toolchain e6e4f7ed1589e03bc2f6c5931c1a72e7947e8682
[INFO] running `Command { std: CARGO_HOME="/workspace/cargo-home" RUSTUP_HOME="/workspace/rustup-home" "/workspace/cargo-home/bin/cargo" "+e6e4f7ed1589e03bc2f6c5931c1a72e7947e8682" "metadata" "--manifest-path" "Cargo.toml" "--no-deps", kill_on_drop: false }`
[INFO] started tweaking crates.io crate elikar 0.1.9
[INFO] finished tweaking crates.io crate elikar 0.1.9
[INFO] tweaked toml for crates.io crate elikar 0.1.9 written to /workspace/builds/worker-5-tc2/source/Cargo.toml
[INFO] crate crates.io crate elikar 0.1.9 already has a lockfile, it will not be regenerated
[INFO] running `Command { std: CARGO_HOME="/workspace/cargo-home" RUSTUP_HOME="/workspace/rustup-home" "/workspace/cargo-home/bin/cargo" "+e6e4f7ed1589e03bc2f6c5931c1a72e7947e8682" "fetch" "--manifest-path" "Cargo.toml", kill_on_drop: false }`
[INFO] running `Command { std: "docker" "create" "-v" "/var/lib/crater-agent-workspace/builds/worker-5-tc2/target:/opt/rustwide/target:rw,Z" "-v" "/var/lib/crater-agent-workspace/builds/worker-5-tc2/source:/opt/rustwide/workdir:ro,Z" "-v" "/var/lib/crater-agent-workspace/cargo-home:/opt/rustwide/cargo-home:ro,Z" "-v" "/var/lib/crater-agent-workspace/rustup-home:/opt/rustwide/rustup-home:ro,Z" "-e" "SOURCE_DIR=/opt/rustwide/workdir" "-e" "CARGO_TARGET_DIR=/opt/rustwide/target" "-e" "CARGO_HOME=/opt/rustwide/cargo-home" "-e" "RUSTUP_HOME=/opt/rustwide/rustup-home" "-w" "/opt/rustwide/workdir" "-m" "1610612736" "--user" "0:0" "--network" "none" "ghcr.io/rust-lang/crates-build-env/linux@sha256:19e73879b68f455e41552ea35293514db52ea292d993f571636dbffedb77a1ee" "/opt/rustwide/cargo-home/bin/cargo" "+e6e4f7ed1589e03bc2f6c5931c1a72e7947e8682" "metadata" "--no-deps" "--format-version=1", kill_on_drop: false }`
[INFO] [stdout] dc881464ee51fa38eb4849855c1923bc6f1e04a443d4b61348a9ec37e3375dc8
[INFO] running `Command { std: "docker" "start" "-a" "dc881464ee51fa38eb4849855c1923bc6f1e04a443d4b61348a9ec37e3375dc8", kill_on_drop: false }`
[INFO] running `Command { std: "docker" "inspect" "dc881464ee51fa38eb4849855c1923bc6f1e04a443d4b61348a9ec37e3375dc8", kill_on_drop: false }`
[INFO] running `Command { std: "docker" "rm" "-f" "dc881464ee51fa38eb4849855c1923bc6f1e04a443d4b61348a9ec37e3375dc8", kill_on_drop: false }`
[INFO] [stdout] dc881464ee51fa38eb4849855c1923bc6f1e04a443d4b61348a9ec37e3375dc8
[INFO] running `Command { std: "docker" "create" "-v" "/var/lib/crater-agent-workspace/builds/worker-5-tc2/target:/opt/rustwide/target:rw,Z" "-v" "/var/lib/crater-agent-workspace/builds/worker-5-tc2/source:/opt/rustwide/workdir:ro,Z" "-v" "/var/lib/crater-agent-workspace/cargo-home:/opt/rustwide/cargo-home:ro,Z" "-v" "/var/lib/crater-agent-workspace/rustup-home:/opt/rustwide/rustup-home:ro,Z" "-e" "SOURCE_DIR=/opt/rustwide/workdir" "-e" "CARGO_TARGET_DIR=/opt/rustwide/target" "-e" "CARGO_INCREMENTAL=0" "-e" "RUST_BACKTRACE=full" "-e" "RUSTFLAGS=--cap-lints=forbid" "-e" "RUSTDOCFLAGS=--cap-lints=forbid" "-e" "CARGO_HOME=/opt/rustwide/cargo-home" "-e" "RUSTUP_HOME=/opt/rustwide/rustup-home" "-w" "/opt/rustwide/workdir" "-m" "1610612736" "--user" "0:0" "--network" "none" "ghcr.io/rust-lang/crates-build-env/linux@sha256:19e73879b68f455e41552ea35293514db52ea292d993f571636dbffedb77a1ee" "/opt/rustwide/cargo-home/bin/cargo" "+e6e4f7ed1589e03bc2f6c5931c1a72e7947e8682" "check" "--frozen" "--all" "--all-targets" "--message-format=json", kill_on_drop: false }`
[INFO] [stdout] 152e62ea615bd1f32a298b3cb13d83c99e5f55b82997c59e4d5563de15c2bd13
[INFO] running `Command { std: "docker" "start" "-a" "152e62ea615bd1f32a298b3cb13d83c99e5f55b82997c59e4d5563de15c2bd13", kill_on_drop: false }`
[INFO] [stderr]    Compiling libc v0.2.122
[INFO] [stderr]    Compiling proc-macro2 v1.0.37
[INFO] [stderr]    Compiling syn v1.0.91
[INFO] [stderr]    Compiling futures-channel v0.3.21
[INFO] [stderr]    Compiling futures-task v0.3.21
[INFO] [stderr]    Compiling crossbeam-utils v0.8.8
[INFO] [stderr]    Compiling futures-util v0.3.21
[INFO] [stderr]    Compiling log v0.4.16
[INFO] [stderr]     Checking futures-io v0.3.21
[INFO] [stderr]    Compiling crossbeam-queue v0.3.5
[INFO] [stderr]    Compiling version-compare v0.1.0
[INFO] [stderr]    Compiling time-macros v0.2.4
[INFO] [stderr]     Checking num_threads v0.1.5
[INFO] [stderr]     Checking raw-window-handle v0.4.3
[INFO] [stderr]     Checking xrunits v0.1.2
[INFO] [stderr]     Checking crossbeam-epoch v0.9.8
[INFO] [stderr]     Checking crossbeam-channel v0.5.4
[INFO] [stderr]    Compiling sdl2-sys v0.35.2
[INFO] [stderr]    Compiling quote v1.0.18
[INFO] [stderr]     Checking crossbeam-deque v0.8.1
[INFO] [stderr]     Checking crossbeam v0.8.1
[INFO] [stderr]     Checking parking_lot_core v0.9.2
[INFO] [stderr]     Checking socket2 v0.4.4
[INFO] [stderr]     Checking num_cpus v1.13.1
[INFO] [stderr]     Checking signal-hook-registry v1.4.0
[INFO] [stderr]     Checking mio v0.8.2
[INFO] [stderr]     Checking atty v0.2.14
[INFO] [stderr]     Checking colored v2.0.0
[INFO] [stderr]     Checking parking_lot v0.12.0
[INFO] [stderr]     Checking time v0.3.9
[INFO] [stderr]     Checking simple_logger v2.1.0
[INFO] [stderr]    Compiling futures-macro v0.3.21
[INFO] [stderr]    Compiling tokio-macros v1.7.0
[INFO] [stderr]     Checking tokio v1.17.0
[INFO] [stderr]     Checking futures-executor v0.3.21
[INFO] [stderr]     Checking futures v0.3.21
[INFO] [stderr]     Checking xecs v0.5.10
[INFO] [stderr]     Checking tokio-util v0.7.1
[INFO] [stderr]     Checking elikar v0.1.9 (/opt/rustwide/workdir)
[INFO] [stdout] error[E0432]: unresolved import `self::raw_window_handle`
[INFO] [stdout]   --> src/window/raw_handle.rs:49:27
[INFO] [stdout]    |
[INFO] [stdout] 49 |                 use self::raw_window_handle::WaylandHandle;
[INFO] [stdout]    |                           ^^^^^^^^^^^^^^^^^ could not find `raw_window_handle` in `self`
[INFO] [stdout] 
[INFO] [stdout] 
[INFO] [stdout] error[E0432]: unresolved import `self::raw_window_handle`
[INFO] [stdout]   --> src/window/raw_handle.rs:65:27
[INFO] [stdout]    |
[INFO] [stdout] 65 |                 use self::raw_window_handle::XlibHandle;
[INFO] [stdout]    |                           ^^^^^^^^^^^^^^^^^ could not find `raw_window_handle` in `self`
[INFO] [stdout] 
[INFO] [stdout] 
[INFO] [stdout] error[E0432]: unresolved import `self::raw_window_handle`
[INFO] [stdout]   --> src/window/raw_handle.rs:49:27
[INFO] [stdout]    |
[INFO] [stdout] 49 |                 use self::raw_window_handle::WaylandHandle;
[INFO] [stdout]    |                           ^^^^^^^^^^^^^^^^^ could not find `raw_window_handle` in `self`
[INFO] [stdout] 
[INFO] [stdout] 
[INFO] [stdout] error[E0432]: unresolved import `self::raw_window_handle`
[INFO] [stdout]   --> src/window/raw_handle.rs:65:27
[INFO] [stdout]    |
[INFO] [stdout] 65 |                 use self::raw_window_handle::XlibHandle;
[INFO] [stdout]    |                           ^^^^^^^^^^^^^^^^^ could not find `raw_window_handle` in `self`
[INFO] [stdout] 
[INFO] [stdout] 
[INFO] [stdout] error: aborting due to 2 previous errors
[INFO] [stdout] 
[INFO] [stdout] 
[INFO] [stdout] For more information about this error, try `rustc --explain E0432`.
[INFO] [stdout] 
[INFO] [stdout] error: aborting due to 2 previous errors
[INFO] [stdout] 
[INFO] [stdout] 
[INFO] [stdout] For more information about this error, try `rustc --explain E0432`.
[INFO] [stdout] 
[INFO] [stderr] error: could not compile `elikar` (lib test) due to 3 previous errors
[INFO] [stderr] warning: build failed, waiting for other jobs to finish...
[INFO] [stderr] error: could not compile `elikar` (lib) due to 3 previous errors
[INFO] running `Command { std: "docker" "inspect" "152e62ea615bd1f32a298b3cb13d83c99e5f55b82997c59e4d5563de15c2bd13", kill_on_drop: false }`
[INFO] running `Command { std: "docker" "rm" "-f" "152e62ea615bd1f32a298b3cb13d83c99e5f55b82997c59e4d5563de15c2bd13", kill_on_drop: false }`
[INFO] [stdout] 152e62ea615bd1f32a298b3cb13d83c99e5f55b82997c59e4d5563de15c2bd13
